en 17 is divided by s?
2
Let z(x) = x**3 - x**2 + 75. Let i be z(0). Let o = i + -44. What is the remainder when o is divided by 11?
9
Let w = 296 + -277. What is the remainder when 90 is divided by w?
14
Suppose 149*n = 135*n + 294. Calculate the remainder when 461 is divided by n.
20
Let d be 15/25 + (-6)/10. Suppose 0 = -b + 2*f + 8, b + 5*f - 28 - 1 = d. What is the remainder when 52 is divided by b?
10
Let t be 129 - -1*(-2 + 3). Suppose -3*p = -5*z + 2*p + t, -z + 2*p = -30. What is the remainder when 39 is divided by z?
17
Suppose 8*d - 159 = 225. Calculate the remainder when d is divided by 13.
9
Suppose 2*s - 184 + 172 = 0. Calculate the remainder when 20 is divided by s.
2
Let i be (-16)/6*12/8. Let u(d) = -5*d - 1. What is the remainder when 68 is divided by u(i)?
11
What is the remainder when 553 is divided by (-5 - (-5 + 31))*(-6)/2?
88
Let q(b) = -b**3 + 8*b**2 - 6*b - 5. What is the remainder when q(6) is divided by ((-5)/10)/((-2)/44)?
9
Let g = -337 - -360. Calculate the remainder when 39 is divided by g.
16
Let r(o) = -6*o + 2. Let l be ((-2)/(-5))/((-4)/(-40)). Suppose -4*n = -n + 4*b - 28, -24 = -2*n - l*b. Calculate the remainder when r(-2) is divided by n.
2
Let l(q) = q**3 - 15*q**2 + 19*q + 2. Let m be l(14). Let n = -61 + m. What is the remainder when 62 is divided by n?
7
Let v = 29 - 36. Let w(z) = z**2 + z + 10. Calculate the remainder when w(v) is divided by 14.
10
Let f = -69 - -26. Let w = f + 105. Calculate the remainder when w is divided by 13.
10
Suppose -a + l - 25 = -0*l, -a - 2*l = 28. Let h = a - -53. Calculate the remainder when 104 is divided by h.
23
Let o = 71 + -144. Let p(i) = -129*i - 6. Let k be p(-1). Let g = k + o. Calculate the remainder when g is divided by 13.
11
Let c(r) = r + 2. Let v(x) = 6*x + 4. Let w be v(2). Calculate the remainder when 53 is divided by c(w).
17
Suppose 0*z - 5*z = -r - 85, 0 = -4*z - 3*r + 68. Let o = z + -8. Calculate the remainder when 13 is divided by o.
4
Let s = 653 - 471. What is the remainder when s is divided by 85?
12
Calculate the remainder when 241 - -2*27/(-18) is divided by 61.
55
Let u(z) = -z**2 - 6*z + 4. Let s be u(-6). Suppose -32 = -4*v - 0*v - 4*i, 4*i = s*v - 64. Let p = -17 - -52. Calculate the remainder when p is divided by v.
11
Let v(x) = 21*x - 173. Suppose k + 5 = 12. Suppose 0 = 3*q - k*q - m + 21, -2*m - 23 = -5*q. What is the remainder when v(9) is divided by q?
1
Let c(h) = h**3 - 12*h**2 + 11*h + 108. What is the remainder when c(10) is divided by 4?
2
Let m(t) = -13*t + 666. Calculate the remainder when m(32) is divided by 36.
34
Let g be (-2)/11 - 490/(-154). Suppose -j = -g*v - 25, -5*j + j - 2*v = -156. What is the remainder when 110 is divided by j?
36
Let i(g) = g**3 - 17*g**2 - 16*g - 28. What is the remainder when 325 is divided by i(18)?
5
Let w(a) = a + 4. Calculate the remainder when 61318/1302 + (-4)/42 is divided by w(9).
8
Suppose 3*k + 24 = -k + p, k + 5*p - 15 = 0. Let s = 13 + k. What is the remainder when 28 is divided by s?
4
Suppose -3*k = 2*p - 86, k - 4*p = -0*k + 10. What is the remainder when 199 is divided by k?
17
Let t = 59 - 38. Suppose 4*h = 15 + t. Calculate the remainder when h is divided by 6.
3
Suppose -41*b + 1022 = -782. Calculate the remainder when 74 is divided by b.
30
Let g(z) = z**2 + 4*z + 3. Let q be g(-5). Let u be q/(-6)*144/6. Let i = 21 - u. What is the remainder when i is divided by 28?
25
What is the remainder when 699 is divided by (-2)/(17/(1326/(-4)))?
36
Let j = 1008 + -967. Suppose 2*u = u + 161. Calculate the remainder when u is divided by j.
38
Let x be (1 - 0)*(-2 - -4). Suppose 3*w + 2 - 15 = -y, -x*w = y - 9. Suppose w*m + m = 335. Calculate the remainder when m is divided by 23.
21
Let o = -204 + 220. What is the remainder when 172 is divided by o?
12
Suppose 0 = 3*d + 5*g + 7, 0 = -0*d - 2*d - 5*g - 13. Suppose d = -5*v + 6*v. Suppose 0 = -v*u + 2*u + 52. What is the remainder when 24 is divided by u?
11
Let b = -1042 - -1321. Calculate the remainder when b is divided by 27.
9
Suppose 17*l - 5*i + 255 = 18*l, -4*i = 5*l - 1254. What is the remainder when l is divided by 79?
13
Let h = 23 + -11. Suppose -h = -b - 5*b. Suppose 5*j = -b*f + 26, -2*f - 4*j = -0*j - 24. Calculate the remainder when 21 is divided by f.
5
Suppose 13*r - 162 = 7*r. Calculate the remainder when r is divided by 16.
11
Suppose -j + 71 = 5*s, 5*s + 0*s = 5*j - 235. What is the remainder when j is divided by 11?
7
Let t = -195 - -393. What is the remainder when t is divided by 25?
23
Let o be -3*(-1 + (11 - 2))/6. Calculate the remainder when (-114)/o*-7*(-12)/63 is divided by 5.
3
Let t(s) = -2*s**3 + 20*s**2 - 19*s + 13. Calculate the remainder when 39 is divided by t(9).
3
Suppose 0*x = 5*x - 10. Suppose -5*k - 120 = -5*i, -k + 82 = 4*i + x*k. Calculate the remainder when 41 is divided by i.
19
Suppose -2*m = -a + 570, -2*m - 2*m = -4*a + 1140. Let d(h) = -h**3 + 6*h**2 + 3*h - 1. Calculate the remainder when d(5) is divided by m/(-20) - (-3)/(-12).
11
Let a be (18/45)/((-2)/10). Calculate the remainder when 77 is divided by 25 - (1 + a + 0).
25
Let l(w) = -11*w + 24. Let k be l(-7). Let u = k - 99. Calculate the remainder when u is divided by 1.
0
Let g = 54 + 14. Calculate the remainder when 1220 is divided by g.
64
Suppose 6*y + 2*y = 56. Let g(d) = 2*d - 14. Let p be g(y). Suppose p*n = 5*n - 25, -2*j - n + 51 = 0. Calculate the remainder when j is divided by 13.
10
Let m(t) = t**3 + 8*t**2 + 2*t + 3. Let j(n) = n - 15. Let h be j(9). Calculate the remainder when m(h) is divided by 23.
17
Suppose -2*z = -p + 4, -5*z + 0*z - 7 = -p. Suppose p*h = h + 10. Suppose 0 = -t + h - 3. Calculate the remainder when 19 is divided by t.
5
Let g(p) = 2*p**2 + 5*p - 7. Let q = 156 - 87. What is the remainder when q is divided by g(-5)?
15
Suppose 3*i = -3*j + 90, 2*j - 24 = j + 2*i. What is the remainder when j is divided by 8?
4
Suppose -6 = b - 11. Calculate the remainder when 19 is divided by 658/70 + 3/b.
9
Let c be (-4)/(-10) - 152/(-20). Suppose 4*t = -c, -h - t + 0*t - 8 = 0. What is the remainder when 65 is divided by 370/22 - h/33?
14
Let h(o) = -25*o. Let q(m) = 276*m. Let i(f) = 23*h(f) + 2*q(f). What is the remainder when i(-1) is divided by 13?
10
Let h = 100 + -65. Suppose 3*d = -4*d + h. Suppose 4*g = 9*g - 25, d*a = 4*g + 35. What is the remainder when 17 is divided by a?
6
Suppose -4*s + 58 = -178. Calculate the remainder when s is divided by (406/145)/((-14)/(-80)).
11
Let m = -60 - -39. Suppose -3*c - 10 + 31 = 0. Calculate the remainder when 30 is divided by c/m + (-68)/(-6).
8
Suppose -6*g - 3*w - 68 = -8*g, 0 = 5*g + 2*w - 170. What is the remainder when 148 is divided by g?
12
Let w = 10 + -12. What is the remainder when 51 is divided by (-2)/(w/(-1))*-13?
12
Let j(q) = 5*q**2 + q + 1. Let k(p) = 14*p**2 + 4*p + 2. Let h(b) = -8*j(b) + 3*k(b). Calculate the remainder when h(-5) is divided by (10*(-8)/60)/((-2)/15).
8
Let j be 66/(10/(0 - -5)). Let v = j + -14. What is the remainder when 73 is divided by v?
16
Let k be ((-21)/14)/(1/6). Let m be (4 - (-42)/k)*-9. Suppose -25 = -2*x + w, x + m = 5*w - 4. Calculate the remainder when x is divided by 6.
3
Let h(d) = -5*d**2 + 168*d + 88. Let q(p) = 15*p**2 + 2*p + 2. Calculate the remainder when q(-2) is divided by h(34).
18
Let g(s) = -10*s - 203. Calculate the remainder when 71 is divided by g(-21).
1
Let a(n) = 25*n**2 - 3*n + 1. Suppose -79*b - 5*b + 2688 = 0. Calculate the remainder when a(2) is divided by b.
31
Let v be (-21 + 0)*20*3/(-18). Suppose 1 = 3*k - 2*q - v, -k = -q - 22. What is the remainder when k is divided by 14?
13
Suppose -3*w + 719 + 45 = 5*f, 0 = -w - 4*f + 264. Calculate the remainder when w is divided by 14.
10
Let l(b) = -b**3 + 19*b**2 - 36*b - 30. What is the remainder when l(16) is divided by 15?
12
Suppose 11*z = 15*z. Suppose -3*j = 5*o - 112, -67 = -z*o - 3*o - 2*j. Suppose -2*w + 7*w + 55 = d, -5*w = 10. Calculate the remainder when d is divided by o.
22
Let r(g) = -g**3 - 5*g**2 + 11*g + 10. Suppose 2*a + 6 = 5*a. Suppose -3*x - 7 = -a*o - 21, 5*o = 4*x - 35. Calculate the remainder when 122 is divided by r(o).
29
Let y be (-14 - -18)*10/(-8). Calculate the remainder when 38 is divided by (-107)/y + 2/(-5)